. What is the units digit of u(-8)?
8
Let h(m) = m**2 + 5*m + 1. Let f be h(-6). Let x(l) = 2*l - 4. What is the tens digit of x(f)?
1
Suppose 4*g - 56 = -3*w - 1, w = -5*g + 77. What is the units digit of g?
6
Suppose -130620 = -741*s + 699*s. What is the tens digit of s?
1
Suppose 97 = l - 140. What is the hundreds digit of l?
2
Let c(j) = -1 - 4*j + 15*j + 2*j. What is the units digit of c(3)?
8
What is the units digit of (7/((-14)/(-2388)))/(61/122)?
8
What is the tens digit of (-183792)/(-72)*(-9)/(-6)?
2
What is the hundreds digit of 2 + -6 - ((11 - 18) + -1312)?
3
Suppose 6715 = 24*q - 533. What is the hundreds digit of q?
3
Let q(d) = 2*d - 65. What is the units digit of q(36)?
7
Suppose 7*v = 10*v - s - 49, -v = -3*s - 19. Suppose -2*f + 34 = -0*f. Let y = v + f. What is the tens digit of y?
3
Let w = 153 + 70. Suppose -4*t = -5*o + 1253, 2*o - 717 = 4*t - w. What is the units digit of o?
3
Suppose 317 = -0*m + 5*m + 4*k, -5*m = -5*k - 290. Let h = m + -58. What is the units digit of h?
3
Suppose -20*d + 14*d = -1362. What is the units digit of d?
7
What is the tens digit of 178 - (-8)/12*-6?
7
Suppose -2913 - 2169 = -22*l. What is the tens digit of l?
3
Let z = -594 + 1407. What is the hundreds digit of z?
8
Let b(t) = 31*t**2 + 7*t - 118. What is the tens digit of b(9)?
5
Let j(x) = x**2 - 13*x + 7. Let l = -8 - -7. Let o = 13 - l. What is the units digit of j(o)?
1
Let f be (3 + -8)*(-5 + 4). Let t(n) = n**3 - 2*n**2 - 2*n + 2. What is the tens digit of t(f)?
6
Suppose -20*d + 16986 = -22694. What is the hundreds digit of d?
9
Suppose -5*p - 2*z + 94 + 43 = 0, -3*p + 67 = 5*z. Let g = -21 + p. What is the units digit of g?
8
What is the tens digit of 281/((-10)/(-4) - (5 - 3))?
6
What is the hundreds digit of (86 - 68)/(2/167)?
5
What is the units digit of -2 - 94490/(-50) - 1/(-5)?
8
Suppose -1002 = -50*o + 48*o. What is the hundreds digit of o?
5
Suppose 1602 - 358 = 2*j - 2*v, v = -3. What is the units digit of j?
9
Let i(m) = m**3 - 19*m**2 - 19*m - 17. Let l be i(20). Suppose -4*q + 0*q - 2*r = -400, -5*q = -l*r - 489. What is the tens digit of q?
9
Let a = -1 - -4. Suppose 3*w - 21 = -a. What is the units digit of 11 - (-3 + (w - 3))?
1
Let s(u) = -18*u - 22*u + 6*u - 11*u - 3. What is the units digit of s(-2)?
7
Suppose -14400 = -3*a - 7*a. What is the units digit of a?
0
Suppose -2*j + 66174 = 39*j. What is the units digit of j?
4
Let v(a) = 55*a**2 - 8*a + 6*a + 2 + 3*a. What is the units digit of v(-1)?
6
Suppose -4*p - 106 - 114 = -4*k, -4*k - 5*p + 184 = 0. Let q = -46 + k. What is the units digit of q?
5
Suppose -90*r + 91*r - 568 = 0. What is the tens digit of r?
6
Let l = -301 + 410. What is the tens digit of l?
0
Suppose b - 5*r - 35 = -0*b, 5 = -2*b - 5*r. Let h = -24 - b. Let i = h - -72. What is the units digit of i?
8
Let x(p) = -p**3 - 3*p**2 + 4*p + 3. Let q be x(-4). Suppose 7*k - q*k = -80. Let u = 37 + k. What is the units digit of u?
7
Let q be (0 - 1)/(2 - (-2 - -3)). What is the tens digit of 0/(-1) + (69 - q)?
7
Let m = 30 - 27. What is the tens digit of 45*m/(6 - -3)?
1
Let m be -1*1 + 0/(-2). Let o(c) be the first derivative of -3*c**4/4 + c**2 + c - 47. What is the units digit of o(m)?
2
Suppose -3*l = -5*r - 105, 0 = 3*r + 4*l + 55 + 8. Let x be (6/4)/(r/(-28)). Suppose x*s = -4*q + 116, -3*s = 8 + 4. What is the tens digit of q?
3
Suppose -4*a = -11 - 1. Suppose -3*v + 5*m = -233, a*v - m - 227 = -2*m. What is the tens digit of v?
7
Let a be 2 + 1082/(-8) + (-3)/(-12). Let t = -77 - a. What is the tens digit of t?
5
Let z(y) be the third derivative of 3*y**4/4 - y**3/2 + 10*y**2. What is the units digit of z(2)?
3
What is the hundreds digit of (-1)/((-171708)/(-34344) + -5)?
8
Suppose 11*r - 30 = 58. Suppose r*i - 697 - 1343 = 0. What is the units digit of i?
5
Let w = 1364 - 1364. Let q = 8 + -6. Suppose s + 4*y - 13 = w, -5*y + q*y + 48 = 5*s. What is the units digit of s?
9
Let v = 1876 - 1311. What is the hundreds digit of v?
5
Let y be ((-44)/(-4))/(2/6). Let l = 40 + y. What is the units digit of l?
3
Suppose 0*o + 27 = -d + 3*o, -2*d + o - 34 = 0. Let l = 19 + d. Suppose 38 = 5*b + l*z - 86, -4*b = 4*z - 96. What is the units digit of b?
8
What is the units digit of (1*(0 + -659))/((-6)/12)?
8
Let l be -1*0/(-7) + 1 + 0. Let q be (2 - 1)/((-1)/5). What is the tens digit of (220/(-50))/(l/q)?
2
Let a be (1498/28)/((-1)/(-4)). Let f be 5/(20/(-8)) + a. Suppose r + f = 5*r. What is the units digit of r?
3
Let s = 192 - -1420. What is the hundreds digit of s?
6
Let c = 144 + -88. What is the units digit of (28/c)/(2/560*2)?
0
Let p be (3 + -4 - -1)/(-3 + 0). Suppose 2*w - 58 - 132 = p. What is the tens digit of w?
9
Suppose -v - 4*v = -10. Let g(i) = 14 + 5*i**v - 14 + 2*i. What is the units digit of g(2)?
4
Suppose 5*f + 22 = -2*g, 0 = 5*g + 2*f + 2*f + 55. Let y = 12 + g. Let o(v) = 3*v**2 + 3*v - 2. What is the units digit of o(y)?
4
Let y = -258 - -162. What is the tens digit of (1/(4/y))/((-3)/8)?
6
Let d = -466 + 1532. What is the tens digit of d?
6
Let t(r) = r**2 - 6*r - 11. Let p = -19 + 28. Let h be t(p). Suppose 40 = 4*u - h. What is the tens digit of u?
1
Let k = -381 - -1133. What is the tens digit of k?
5
Let j be 12/(-8)*20/6. Let f = j - -10. Suppose f*n - 66 = 2*n. What is the units digit of n?
2
Let d = -18 - -22. Let g(p) = -p**2 - 9*p + 2. Let o be g(-9). What is the tens digit of (-18)/(o/d*-2)?
1
Let v = 13 + -11. Let y(c) = -c**v + 2*c**2 + 0*c**2 + 7 - 8*c. What is the tens digit of y(10)?
2
Suppose 6*r = 9*r - 24. What is the tens digit of -4 + r/(-2) + 48?
4
Let t be 2 - 0 - -2*1. Suppose -t*p - 5 - 7 = 0. Let c = 14 - p. What is the units digit of c?
7
Suppose 12 - 36 = 3*o. What is the tens digit of 184 + (1*-2)/((-4)/o)?
8
Let m(p) = 0 + 5 - 28 + 2*p**2 + 2*p + 0*p**2. What is the tens digit of m(-7)?
6
What is the hundreds digit of (-782)/(-2) + 0/(-15)?
3
What is the units digit of 2202/(-10)*-5 - -4?
5
Let q(z) = -z**2 + 4*z + 10. Let h be q(-2). What is the units digit of ((-12)/9 - h)*216?
4
What is the units digit of 12*(-3)/(-12) + 340?
3
Suppose 0 = n + 2*n + 6, 3*o = -n + 1516. What is the tens digit of o?
0
Suppose -281 - 47 = 8*r. Let w = 94 + r. What is the units digit of w?
3
Let o = -41 + 68. Let g be o/(-4)*(0 + -12). Suppose g - 33 = 3*y. What is the tens digit of y?
1
Let l be ((-10)/(-4))/((-10)/60). Let z be 10*-3*2/l. Let d = z - -2. What is the units digit of d?
6
Suppose 8*f = 7*f + 2. Suppose f*s - 17 - 103 = 0. Let l = -5 + s. What is the units digit of l?
5
Let q be 1 + -1 + 64/16. Let g be q/(-8 + 4) + -22. Let j = g + 34. What is the units digit of j?
1
Let h(y) = y**2 - 13*y + 33. Let n be h(10). Suppose 0*r + 99 = 3*r - 2*p, -n*r - 3*p = -99. What is the units digit of r?
3
Let l = -10 - -12. Suppose 3*i - 329 = -5*b, -4*i + l*b = -2*i - 214. What is the hundreds digit of i?
1
Let u(a) = -14*a + 22*a - 9*a - 3*a**2 + 2*a**2. Let t(d) = -11*d**2 + 4*d + 1. Let z(v) = -t(v) - 3*u(v). What is the tens digit of z(-1)?
1
Let k(m) = -m + 52. What is the units digit of k(5)?
7
Suppose -3*f + 106 = 3*h - 113, -5*f - h + 345 = 0. Suppose 6*c = 2*c + f. Suppose m + q + 46 = 4*m, -m = -2*q - c. What is the units digit of m?
5
Let w(g) = g**3 - 9*g**2 + g + 11. Let v be w(9). Suppose 5*l - 23 = 17. Suppose -4*i = l - v. What is the units digit of i?
3
Suppose -113*r = -92*r - 76860. What is the tens digit of r?
6
Let h(q) = -59*q - 7. Let f(t) = -177*t - 20. Let i(s) = -4*f(s) + 11*h(s). What is the units digit of i(1)?
2
Let t = 4957 + -209. What is the tens digit of t?
4
Suppose 0 = 4*j - 3*j - 82. Suppose 0 = 5*k + 4*a - 223, -2*k + 2*a - 6*a = -j. What is the tens digit of k?
4
Let f = -13 - -18. Suppose -2*z = 2*z - f*x + 193, 52 = -z + 5*x. Let v = z + 93. What is the tens digit of v?
4
Let k = -24 + 1935. What is the thousands digit of k?
1
Let a = 2745 - 2006. What is the hundreds digit of a?
7
What is the thousands digit of 1040/(-195)*71*6/(-1)?
2
Suppose 4*a + 5*k - 9013 = 0, -93*k + 92*k = 3. What is the units digit of a?
7
Suppose 0*d = 4*d - 3*n - 14, 2*d - 4*n = 2. Suppose -5*g = d*h - 510, 0 = -4*g - 3*h + 310 + 93. Let z = g + -43. What is the units digit of z?
4
Suppose 2*n - 4*n = 94. What is the units digit of (-8)/(-12)*-3*n